t m(n) = -n**2 + 2. Let w(t) = 4*k(t) + 14*m(t). Let l be w(-3). Suppose 4*h + 62 = l*h. What is the tens digit of h?
3
Let z(v) = v - 10. Let o be z(7). Let c(a) = a**2 + 3*a - 3. Let i be c(o). What is the units digit of (-1 + 0)*27/i?
9
Let d be 1/(-1 - 4/(-6)). What is the units digit of (85 - d/(-3)) + 1?
5
Let h = -11 + 13. Suppose -4*f + 0*r + 28 = r, 0 = 2*f - h*r - 4. Suppose f*z - 104 = 2*z. What is the tens digit of z?
2
Suppose 6*c - 8*c = -4. Suppose -42 = -q - c. What is the tens digit of q?
4
Suppose -17*j = -20*j. Suppose j = -9*c + 10*c - 11. What is the units digit of c?
1
Let s(y) be the third derivative of y**6/120 + y**5/12 - y**4/6 + y**3/3 - 7*y**2. What is the tens digit of s(-3)?
3
Let n(v) = 16*v + 9. Let f(p) = p**2 + 16*p + 9. Let j(m) = 3*f(m) - 4*n(m). What is the hundreds digit of j(12)?
2
Let s = -15 - -17. Let z(v) = 5*v + 8 - 7*v**2 + 2*v**s - 2 - v**3. What is the units digit of z(-6)?
2
Suppose 0 = -4*m + 5*d + 51, -8*m - d + 71 = -3*m. Suppose 0*t - m = -3*v - 2*t, -3*v = 3*t - 9. What is the units digit of v?
8
Let m = -8 + 10. Suppose 0 = -4*g - 4, m*p + 3*g + 105 = -p. Let n = p - -47. What is the units digit of n?
3
Let u be (-10)/15 + 10/6. Let x = 1 + u. Suppose x*k - 24 = -k. What is the units digit of k?
8
Let s(u) be the first derivative of -9*u**2/2 + 18*u - 1. Let b be s(-8). Suppose 102 = 6*x - b. What is the units digit of x?
2
Let w be 60768/(-126) + 1 + (-5)/7. Let c = -338 - w. What is the hundreds digit of c?
1
Let n be 0 + (-3 - -11 - 0). Suppose n = 3*p - 10. Let j(w) = w**2 - 4*w + 6. What is the tens digit of j(p)?
1
Let h = -897 - -1314. What is the tens digit of h?
1
Suppose -4*x - 35*b + 3836 = -31*b, -5*x + 5*b + 4775 = 0. What is the units digit of x?
7
Suppose 9*o + 148 = y + 4*o, 3*o - 661 = -4*y. What is the tens digit of y?
6
Let w = -32 - -50. Suppose 62 = 4*t - w. What is the tens digit of t?
2
Let h(q) = -36*q + 22. What is the tens digit of h(-14)?
2
Let r be ((-2)/(-1))/((-8)/(-28)). What is the tens digit of r + -7 + 99/1?
9
Suppose 2*i + 2*i = 0. Suppose -3*w - w - 40 = i. What is the tens digit of w/25 + 264/10?
2
Let f be 5/(-20)*4*-1. Suppose 3*g + g + 8 = 2*a, -5*g = 2*a + f. What is the units digit of (-24)/(-9)*(2 - g)?
8
Suppose -12*b + 16*b - 12 = 0. Suppose 2*d + d - b*a = 102, -3*a = 5*d - 154. What is the units digit of d?
2
Let j be 0 + -1 + 1 + 5. Let a be ((-10)/3)/((-2)/3). What is the units digit of (3/a)/(j/275)?
3
Let r = 530 - -654. What is the tens digit of r?
8
Let c be ((-4)/(-10))/((-7)/(-735))*-1. Let y = c + 81. What is the units digit of y?
9
Let u = -1541 - -1787. What is the units digit of u?
6
Let r(y) = y**3 - 4*y**2 + 3*y - 8. Let b = -4 - -8. Let o be r(b). Suppose 2*n + 1 - 6 = j, 5*j = o*n + 5. What is the units digit of j?
5
Let g be -1 - 2*(-1)/2. Let s be (-5)/10 - 5/(-2). Suppose s*p + 8 - 12 = g. What is the units digit of p?
2
Let v(b) = b**3 + 6*b**2 + 7*b + 4. Let j be v(-5). Let r be (j/9)/(5/(-45)). Let y = r + -3. What is the units digit of y?
3
Let g = -51 + 55. Suppose g*q - 1176 = -108. What is the units digit of q?
7
Suppose -x + 3*x = 60. Suppose 2*q - 2*u = q + x, -2*u - 120 = -4*q. What is the units digit of q?
0
Let y(q) = 22*q**2 + q - 18. What is the units digit of y(6)?
0
Suppose x = 2*u - 1280, -1280 = -4*u + 2*u - 3*x. Suppose 5*n - u = -0*n. What is the tens digit of n?
2
Let x(d) = d + 7. Let f be x(-5). Suppose f*s - 39 = -a + s, -48 = -2*a + 4*s. What is the units digit of a?
4
Let u(q) = 252*q + 609. What is the units digit of u(11)?
1
Suppose -5390 = -4*z + 2*g, 2*z - 2715 = -59*g + 56*g. What is the thousands digit of z?
1
Let a = 806 - -154. What is the tens digit of a?
6
Let y = -394 + 404. What is the units digit of y?
0
Let s = 859 + -323. What is the units digit of s?
6
Suppose 0*d - 4824 = -4*o - 4*d, 4*o = 5*d + 4788. Suppose 7*w = o + 296. What is the tens digit of w?
1
Suppose 4*c - 7 = 5. Let o(m) = -5*m - 1. Let d be o(-6). Suppose -2*l + l + d = -5*b, -2*l + 37 = -c*b. What is the tens digit of l?
1
Suppose -d - 3*z + 960 = 2*d, z + 1 = 0. Suppose 4*n = -5*r + 428, 6*r - d = -3*n + 2*r. What is the tens digit of n?
0
Suppose 0 = 17*c - 12*c + 2*p - 19, 4*c - 4*p = 4. What is the units digit of c?
3
Suppose -9*p = -5*p - 372. What is the units digit of p?
3
Let s = 50 + -45. Suppose q = 1, 0*q + 112 = s*j - 3*q. What is the units digit of j?
3
Suppose -5*i + 11250 = y, 2*i - i = -5*y + 2226. What is the tens digit of i?
5
Suppose 4*s + t = 2151, -19*s + 15*s + 2154 = 2*t. What is the units digit of s?
7
Suppose 4*m = -2*u - 6, 2*u + 6 = 2*m - m. Suppose 4*h + j + 16 = 3, m = 5*h - j + 23. What is the tens digit of (2/h)/(8/(-1008))?
6
Let u(v) = 13*v**2 - 2*v - 4. Suppose 0*t - 2*t - 4 = 0. Let m be u(t). Let o = m - 35. What is the units digit of o?
7
Let a(u) = u**3 + 15*u**2 + 18*u - 27. What is the units digit of a(-11)?
9
Suppose -d = -6 + 6. Suppose 1000 = 5*n - 2*v + 194, -4*n - 3*v + 631 = d. What is the tens digit of n?
6
What is the tens digit of ((-48)/(-240))/(1/3955)?
9
Let p = 525 - 157. What is the hundreds digit of p?
3
Suppose 7 = d + 5. What is the tens digit of 50/1 + d + -5?
4
Suppose -p - 12 = 2*p, -k + 2*p + 12 = 0. Suppose k*l = 69 + 11. Suppose -b + q = -2*b + l, -150 = -5*b + 5*q. What is the units digit of b?
5
Let s(o) = 15*o - 7. Let y(l) = 14*l - 7. Let r(t) = -5*s(t) + 6*y(t). What is the units digit of r(3)?
0
Suppose -t = 416 - 1165. What is the hundreds digit of t?
7
Let y(h) = -h**3 + 5*h**2 - 4*h + 1. Suppose 5*j = 6*j - 9. Suppose -r + 4*r - j = 0. What is the units digit of y(r)?
7
Suppose 2*z + 26 = -0*z. Let w = 100 + z. What is the units digit of w/12 - (-2)/(-8)?
7
Let a be 6/8 + (-217)/(-4). Let l = a + 55. Suppose 0*r - 2*r = -l. What is the units digit of r?
5
Suppose -62 = -5*y - 17. Let m = -48 + y. Let b = 99 + m. What is the tens digit of b?
6
Suppose -4*p - 40 = 16. Let h be (3/(-7))/(2/p). What is the units digit of 1/h*(-5 - -8)?
1
Let g = 1707 + -206. What is the units digit of g?
1
Let y be (-2 + 2)/(-1)*(-3 + 4). Suppose -111 = -l - y*l - 5*m, -5*m - 494 = -4*l. What is the units digit of l?
1
Suppose -2*f + 1231 + 2342 = 5*y, 0 = 4*f + y - 7119. What is the units digit of f?
9
Let t = 3867 - 2635. What is the hundreds digit of t?
2
Suppose 0*m - 9 = k + 4*m, 12 = -k - 5*m. Let o(d) = d**2 - 2*d. What is the units digit of o(k)?
3
Let k be 24*(-2)/8*-6. Suppose 0*l = 4*l + k. What is the units digit of 14*(l/(-6) + -1)?
7
Suppose t - 1410 = -5*q + 1554, -2967 = -5*q + 2*t. What is the tens digit of q?
9
Suppose 4*z + z = -155. Let g = 34 + z. Suppose 2*y + g*c = 159 - 64, -5*y - 3*c + 242 = 0. What is the tens digit of y?
4
Suppose -3*l + 2*l + 3*u = -133, 0 = l - 2*u - 134. What is the tens digit of l?
3
Suppose 0 = -61*p - 53342 + 178636. What is the units digit of p?
4
Let k be (-228)/(-19)*(-1)/2. What is the units digit of (-6)/(-4)*(-248)/k?
2
Let m = 98 + -57. Suppose 0 = 2*p + 5*v + m, -10 = -v + 3*v. What is the tens digit of -7*(p*1 + 1)?
4
Suppose 3*m - 34 = -0*m - 5*a, 3*m - 3*a = -6. Let l(o) = 11*o - 1. Let i(k) = 34*k - 2. Let b(w) = 3*i(w) - 8*l(w). What is the units digit of b(m)?
4
Let n(o) = -2*o**3 + 11*o**2 - 5*o + 18. Let s(z) = -5*z**3 + 21*z**2 - 9*z + 35. Let f(b) = -7*n(b) + 3*s(b). What is the units digit of f(-15)?
4
Suppose 5*d - 12*d = -70. What is the tens digit of (-70)/(-2)*(0 - (-12)/d)?
4
Suppose 0 = -3*n + 471 + 474. What is the tens digit of n?
1
Suppose 5*v - 151 = 324. Suppose 0 = -v*a + 97*a - 228. What is the units digit of a?
4
Let z(s) = 97*s - 40 - 57*s - 56*s. What is the tens digit of z(-6)?
5
Suppose q - 1078 + 201 = 3*r, -2*q = -5*r - 1758. What is the units digit of q?
9
Suppose -j + 548 = v - 526, -j = 2*v - 2146. Let o = -756 + v. What is the tens digit of o?
1
Let g be (6/2)/((-15)/(-10)). Suppose -96 = -2*q - g. What is the units digit of q?
7
Let p be 1*(-1953)/(-9)*(-24)/(-14). Suppose 87 = -3*l + p. What is the tens digit of l?
9
Suppose 3*g + 1189 = 4*v, 5*v = -4*g + 634 + 829. What is the units digit of v?
5
Suppose 11550 = 29*i + 6*i. What is the tens digit of i?
3
Let l = 23 - -15. Suppose -23 + l = 5*j. Suppose 2*n - o - 2 - j = 0, 4*n + 5*o = 31. What is the units digit of n?
4